{"id":17479,"date":"2025-10-08T11:02:41","date_gmt":"2025-10-08T14:02:41","guid":{"rendered":"https:\/\/news.daviarantes.com\/?page_id=17479"},"modified":"2025-10-08T12:27:37","modified_gmt":"2025-10-08T15:27:37","slug":"aguardando-publicacao","status":"publish","type":"page","link":"https:\/\/news.daviarantes.com\/?page_id=17479","title":{"rendered":"Aguardando Publica\u00e7\u00e3o"},"content":{"rendered":"\n<h2 class=\"wp-block-heading\">Aguardando Publica\u00e7\u00e3o<\/h2>\n\n\n<p>Total de Not\u00edcias <strong>1<\/strong><\/p>\n<div class=\"frm_grid_container with_frm_style frm-grid-view\" style=\"--v-tl-background-color: #f7f7f7;--v-tl-border-radius: 10px;--v-tl-grid-column:span 12\/span 12;grid-gap: 20px 2%;\">\n<div>\n<div class=\"frm_grid_container frm_no_grid_750\">\n<div class=\"frm12\"><strong>STATUS DE PUBLICA\u00c7\u00c3O<\/strong><br \/>\nSite: <a href=\"https:\/\/cruzilia.mg.gov.br\/pratica-de-exercicios-melhora-sua-saude\/\"><strong>Publicado<\/strong><\/a><br \/>\nFacebook e Instagram: <span style=\"color: #ff0000;\"><strong>Aguardando<\/strong><\/span><\/p>\n<p><strong>Data<\/strong>: 07\/04\/2026<br \/>\n<strong>Tipo de a\u00e7\u00e3o<\/strong>: Atividade esportiva, caminhada em celebra\u00e7\u00e3o dia mundial da sa\u00fade.<\/p>\n<p><strong>Secretaria<\/strong>: Sa\u00fade<br \/>\n<strong>Respons\u00e1vel<\/strong>: Coordena\u00e7\u00e3o da Aten\u00e7\u00e3o Primaria \u00e0 Sa\u00fade e Chefe do Departamento de Esportes.<\/p>\n<p><strong>O que aconteceu<\/strong>: Realizou-se um encontro com os grupos de atividades do munic\u00edpio, \u201cAgita Cruz\u00edlia\u201d e \u201cMais Sa\u00fade\u201d, sendo ofertado \u00e0 popula\u00e7\u00e3o em geral um alongamento ao ar livre na Pra\u00e7a Capit\u00e3o Maciel, conduzido pelo educador f\u00edsico da Secretaria Municipal de Sa\u00fade. Em seguida, foi realizada uma caminhada e, ao final, foram oferecidas \u00e0 popula\u00e7\u00e3o laranjas e poc\u00e3s, patrocinadas pela empresa Simonetti Citrus.<br \/>\n<strong>Objetivo da a\u00e7\u00e3o<\/strong>: Promover a sa\u00fade e o bem-estar da popula\u00e7\u00e3o por meio da pr\u00e1tica de atividades f\u00edsicas, incentivando h\u00e1bitos de vida saud\u00e1veis, a integra\u00e7\u00e3o social e a conscientiza\u00e7\u00e3o sobre a import\u00e2ncia da preven\u00e7\u00e3o de doen\u00e7as.<\/p>\n<p><strong>Onde a a\u00e7\u00e3o foi feita<\/strong>: Encontro na Pra\u00e7a Capit\u00e3o Maciel, subida em dire\u00e7\u00e3o \u00e0 Igreja Matriz de S\u00e3o Sebasti\u00e3o, sentido a Av. Padre Waldo (bairro Olaria) e encerramento na Copasa.<br \/>\n<strong>Quem participou<\/strong>: Grupos de atividades da Secretaria Municipal de Sa\u00fade \u201cAgita Cruz\u00edlia\u201d e da Secretaria Municipal de Esporte \u201cMais Sa\u00fade\u201d, Agentes Comunit\u00e1rios de Sa\u00fade e popula\u00e7\u00e3o em geral.<\/p>\n<p><strong>Mais informa\u00e7\u00f5es<\/strong> <\/p>\n<p>A a\u00e7\u00e3o foi realizada em alus\u00e3o ao Dia Mundial da Sa\u00fade, com o objetivo de incentivar a ado\u00e7\u00e3o de h\u00e1bitos saud\u00e1veis por meio da pr\u00e1tica regular de atividade f\u00edsica. A iniciativa contou com a participa\u00e7\u00e3o ativa dos grupos organizados do munic\u00edpio, al\u00e9m da ades\u00e3o espont\u00e2nea da popula\u00e7\u00e3o. O momento de alongamento foi conduzido por profissional de educa\u00e7\u00e3o f\u00edsica, proporcionando orienta\u00e7\u00e3o adequada e segura aos participantes. A caminhada promoveu a integra\u00e7\u00e3o social e o est\u00edmulo \u00e0 pr\u00e1tica coletiva de exerc\u00edcios f\u00edsicos. Ao final, foi realizada a distribui\u00e7\u00e3o de frutas, refor\u00e7ando a import\u00e2ncia de uma alimenta\u00e7\u00e3o saud\u00e1vel. A a\u00e7\u00e3o destacou o compromisso da gest\u00e3o municipal com a promo\u00e7\u00e3o da sa\u00fade, preven\u00e7\u00e3o de doen\u00e7as e melhoria da qualidade de vida da popula\u00e7\u00e3o.<\/p>\n<p><strong>Como participar<\/strong> <\/p>\n<p>Para participar das aulas dos grupos, os interessados devem procurar a Unidade B\u00e1sica de Sa\u00fade (UBS) mais pr\u00f3xima para se cadastrar no grupo \u201cAgita Cruz\u00edlia\u201d. J\u00e1 para o grupo \u201cMais Sa\u00fade\u201d, \u00e9 necess\u00e1rio procurar o educador f\u00edsico respons\u00e1vel pelas atividades.<\/p>\n<p>Foto principal &#8211; <a href=\"https:\/\/news.daviarantes.com\/wp-content\/uploads\/formidable\/87\/745fb87e-7273-4be2-b0a9-8a9c45ce8cb4-scaled.jpeg\" class=\"frm_file_link\">745fb87e-7273-4be2-b0a9-8a9c45ce8cb4-scaled.jpeg<\/a><\/p>\n<p>Mais fotos<\/p>\n<ul>\n<li><a href=\"https:\/\/news.daviarantes.com\/wp-content\/uploads\/formidable\/87\/b34ef273-88c7-405f-89e8-cb5e1f40914e-scaled.jpeg\" class=\"frm_file_link\">b34ef273-88c7-405f-89e8-cb5e1f40914e-scaled.jpeg<\/a><\/li>\n<li><a href=\"https:\/\/news.daviarantes.com\/wp-content\/uploads\/formidable\/87\/d4bc1bc4-2803-47d8-9996-8b240dfff392-scaled.jpeg\" class=\"frm_file_link\">d4bc1bc4-2803-47d8-9996-8b240dfff392-scaled.jpeg<\/a><\/li>\n<li><a href=\"https:\/\/news.daviarantes.com\/wp-content\/uploads\/formidable\/87\/f575176d-3b68-4d95-8630-af70731b3968-scaled.jpeg\" class=\"frm_file_link\">f575176d-3b68-4d95-8630-af70731b3968-scaled.jpeg<\/a><\/li>\n<li><a href=\"https:\/\/news.daviarantes.com\/wp-content\/uploads\/formidable\/87\/00ddcf90-26ce-41e8-a19a-c709a933484a-scaled.jpeg\" class=\"frm_file_link\">00ddcf90-26ce-41e8-a19a-c709a933484a-scaled.jpeg<\/a><\/li>\n<li><a href=\"https:\/\/news.daviarantes.com\/wp-content\/uploads\/formidable\/87\/999700a1-1f58-4ed4-8ab8-40e8e9227e92-scaled.jpeg\" class=\"frm_file_link\">999700a1-1f58-4ed4-8ab8-40e8e9227e92-scaled.jpeg<\/a><\/li>\n<li><a href=\"https:\/\/news.daviarantes.com\/wp-content\/uploads\/formidable\/87\/bdbaba18-24d2-449f-a6c8-778ab069bb0f-scaled.jpeg\" class=\"frm_file_link\">bdbaba18-24d2-449f-a6c8-778ab069bb0f-scaled.jpeg<\/a><\/li>\n<\/ul>\n<p>&#8212;-<\/p>\n<div id=\"frm_container_6272\"><\/div>\n<\/div>\n<\/div>\n<\/div>\n<\/div>\n","protected":false},"excerpt":{"rendered":"<p>Aguardando Publica\u00e7\u00e3o<\/p>\n","protected":false},"author":10,"featured_media":0,"parent":0,"menu_order":0,"comment_status":"closed","ping_status":"closed","template":"","meta":{"footnotes":""},"class_list":["post-17479","page","type-page","status-publish","hentry"],"_links":{"self":[{"href":"https:\/\/news.daviarantes.com\/index.php?rest_route=\/wp\/v2\/pages\/17479","targetHints":{"allow":["GET"]}}],"collection":[{"href":"https:\/\/news.daviarantes.com\/index.php?rest_route=\/wp\/v2\/pages"}],"about":[{"href":"https:\/\/news.daviarantes.com\/index.php?rest_route=\/wp\/v2\/types\/page"}],"author":[{"embeddable":true,"href":"https:\/\/news.daviarantes.com\/index.php?rest_route=\/wp\/v2\/users\/10"}],"replies":[{"embeddable":true,"href":"https:\/\/news.daviarantes.com\/index.php?rest_route=%2Fwp%2Fv2%2Fcomments&post=17479"}],"version-history":[{"count":3,"href":"https:\/\/news.daviarantes.com\/index.php?rest_route=\/wp\/v2\/pages\/17479\/revisions"}],"predecessor-version":[{"id":17492,"href":"https:\/\/news.daviarantes.com\/index.php?rest_route=\/wp\/v2\/pages\/17479\/revisions\/17492"}],"wp:attachment":[{"href":"https:\/\/news.daviarantes.com\/index.php?rest_route=%2Fwp%2Fv2%2Fmedia&parent=17479"}],"curies":[{"name":"wp","href":"https:\/\/api.w.org\/{rel}","templated":true}]}}